e -335 = -4*v - 5*b + 41, 5*v = -3*b + 470. Let g = -83 + v. Calculate the greatest common divisor of 99 and g.
11
Let f(p) = p - 14. Let z be f(12). Let t be (-45)/(-9)*(-1 - z). Calculate the greatest common factor of t and 2.
1
Let s be 2/(-6)*(20 + -878). What is the greatest common factor of s and 22?
22
Let p be 6 + 3096 + -16 + 16. Calculate the highest common divisor of p and 33.
33
Suppose -8*j - 10 + 162 = 0. What is the highest common factor of j and 209?
19
Suppose 4*d + s = 15, d + 4*d - 3*s - 6 = 0. Suppose 5*b - 2*n - 10 = -8, -d*n + 2 = -5*b. Calculate the highest common factor of b and 3.
1
Suppose -31*k + 33*k = -6, 2*o - k - 115 = 0. Calculate the greatest common divisor of o and 296.
8
Let g(q) = q**3 - q**2 + 4*q + 16. Let p be g(0). What is the highest common divisor of 40 and p?
8
Suppose -191*f - 90 = -200*f. What is the highest common factor of 8 and f?
2
Suppose -5*v = 2*v - 14. Let f be (-115)/(-10) + v/4. What is the greatest common divisor of 8 and f?
4
Suppose 20*b - 8*b - 36 = 0. Suppose b*i + 3*i - 174 = 0. Calculate the highest common divisor of 87 and i.
29
Let t(j) = -j - 8. Let d be t(-7). Let i be 4/(-16) - ((-98)/8 - d). Calculate the greatest common factor of i and 88.
11
Suppose 20 = -0*m - 2*m. Let z be -6*m*(-12)/(-9). Calculate the greatest common divisor of 8 and z.
8
Let c(u) = u + 17. Let i be c(-21). Let r be (2/(-1))/(1*i/250). Calculate the greatest common divisor of r and 25.
25
Let t(z) = z**2 + 9*z + 2. Let k be (4 + (-10 - 3))*1. Let j be t(k). Suppose 4 - j = 2*s. Calculate the highest common factor of s and 9.
1
Let o(z) = z**3 - 8*z**2 + 8*z + 6. Let r be 7*(4 + (0 - 3)). Let s be o(r). What is the greatest common divisor of s and 91?
13
Let q(x) = -5*x - 84. Let s be q(-20). What is the highest common divisor of 80 and s?
16
Let t(h) = -h + 4. Let w be t(0). Let d be 4/16 - (-15)/w. Suppose -3*k + 0*k + 6 = -3*q, 3*k + 2*q - 1 = 0. Calculate the greatest common factor of k and d.
1
Let r = 174 + -171. Suppose 4*h + 3*f = 145, r*h - 2*f + 7 - 137 = 0. Calculate the highest common factor of h and 180.
20
Let w(d) = d**2 + 14*d - 36. Let x be w(-17). Calculate the greatest common divisor of x and 30.
15
Let a be 3 - (-1 - (3 + -2)). Suppose 2*o - a*x = 29, 0*x + 33 = 4*o - 5*x. Suppose -b = -1 - o. Calculate the greatest common factor of b and 33.
3
Let b(d) = -12*d - 24. Suppose -x + 0*x = 3*p + 34, -3*x = 2*p + 25. Let w be b(p). Calculate the greatest common divisor of 36 and w.
36
Let c be (-1 - -36)/1*(-27)/(-27). What is the highest common divisor of 10 and c?
5
Suppose 5*x = -4*o + 1812, -15*x + 10*x = -2*o + 876. Calculate the greatest common factor of 512 and o.
64
Let v be (-3053)/(-215) + (-6)/5. Calculate the highest common divisor of v and 2041.
13
Let j(s) = s**2 - 3*s + 2. Let y be j(-5). Let t be (15 - 19)/((-4)/y). What is the greatest common divisor of 105 and t?
21
Let a(s) = 4*s**2 - 16*s + 60. Let c be a(7). Calculate the highest common factor of 384 and c.
48
Let o(i) = i**3 - 21*i**2 - 19*i - 52. Let n be o(22). Calculate the greatest common divisor of 567 and n.
7
Let w = 148 + -108. Calculate the greatest common divisor of w and 56.
8
Suppose 38 = 6*p + 26. Let b(f) = f**2 + 9*f. Let u be b(-9). Let q be (u + (-4)/14)*-7. What is the greatest common factor of p and q?
2
Let x be 8/6 + (-8)/(-12). Suppose x*c - 22 - 10 = 0. Let y be (-2)/c*-38*4. Calculate the highest common factor of 209 and y.
19
Let q(d) = d**2 - 7*d - 4. Suppose o - 5*g - 8 = 0, 3*g - 16 = -2*o + g. Let a be q(o). Calculate the greatest common divisor of 12 and a.
4
Let x(d) = d + 10. Let a be (-3 - (6 - 4))*-1. Suppose -45 = -a*l + 30. Let g be x(l). Calculate the greatest common factor of g and 225.
25
Suppose 0 = -4*f + v + 85, -3*f + 15*v - 12*v + 75 = 0. Calculate the greatest common factor of f and 20.
20
Let v(i) = i**3 - 7*i**2 - i + 2. Let h be v(7). Let u(s) = s**2 + 11*s - 6. Let q be u(h). Let k = 144 - q. Calculate the greatest common factor of 20 and k.
20
Let f be (-4 - 6/((-48)/44))*28. What is the highest common divisor of 21 and f?
21
Let s be (-7)/14*0/1. Suppose -3*p + s*p = -375. What is the greatest common divisor of p and 25?
25
Suppose -3*x = 2*x. Suppose x = 2*v - 4*k - 28, -3*v - 2*v = -3*k - 63. Suppose -7*j + v + 16 = 0. What is the highest common factor of 10 and j?
2
Let l be 6 + ((-66)/(-11) - -3). Calculate the greatest common divisor of 3 and l.
3
Let t(f) = f + 7. Let i be t(-11). Let h(l) = -4*l + 3. Let r be h(i). What is the greatest common factor of 171 and r?
19
Suppose 412 = s + 3*s. Suppose 4*f - 65 = s. Let a be 2/(((-2)/(-6))/((-168)/(-36))). What is the greatest common factor of f and a?
14
Let x = 1234 - 690. What is the greatest common divisor of x and 32?
32
Suppose 13*c - 1107 = 4*c. Let p = -24 + c. Calculate the highest common factor of 11 and p.
11
Suppose 4*a - h = 29, -6*a = -3*a - 3*h - 15. Let s be 15*(-12)/5*-2. Calculate the highest common divisor of s and a.
8
Let x(z) = -z**3 + 18*z**2 + 2*z + 16. Let u be x(18). What is the highest common divisor of u and 728?
52
Suppose -5*s - 20 = -9*s. Calculate the highest common divisor of s and 245.
5
Suppose -3*q + 173 = 5. What is the greatest common factor of q and 7?
7
Let l(y) = 41*y**2 - 48*y + 2. Let p be l(2). Calculate the greatest common factor of 270 and p.
10
Let h be (10/(-20))/(2/(-120)). Let d(b) = -15 + 8*b - 31 + h. Let x be d(14). Calculate the highest common factor of 12 and x.
12
Suppose w - 47 = -5*k, w + 7 = 2*k - k. Let j = k + -6. Calculate the highest common divisor of j and 12.
3
Let j = 159 - 113. Let a = 48 - j. Calculate the highest common divisor of 2 and a.
2
Let n(o) = 28*o + 14. Let l(x) = x**3 + 5*x**2 + 6*x + 5. Let a be l(-3). Let s be n(a). Calculate the highest common factor of s and 22.
22
Let j(z) = 0*z - 3 + z**3 + 4*z**3 + 3*z**2 - z. Let m be j(-3). Let a be ((-15)/45)/(2/m). Calculate the greatest common factor of a and 2.
2
Suppose 0 = 2346*x - 2355*x + 72. Calculate the highest common factor of 8 and x.
8
Let s = 515 + -295. Calculate the greatest common divisor of 165 and s.
55
Suppose -9*u = -14*u + 470. Let z = 276 - u. Calculate the greatest common factor of 14 and z.
14
Let h = 19 + -19. Suppose -5*g - 14 + 49 = h. What is the greatest common factor of g and 7?
7
Let h be (-10 + 5)*8/(-5). Suppose -h*o + 59 = -77. Calculate the highest common divisor of o and 187.
17
Let r(i) = -i**3 + 25*i**2 - 34*i - 196. Let k be r(23). Calculate the greatest common factor of 128 and k.
16
Let w be (5 - 6)/(1/3). Let h be (-2*1 + 3)/(w/(-195)). What is the greatest common divisor of 26 and h?
13
Let v = 11 - -4. Suppose -4*w + 0*w = -8, 4*w + 1 = 3*u. Suppose -4*b - 10 = -2*b, 2*s + 9 = -u*b. What is the greatest common factor of v and s?
3
Let w be (-53)/(-6) - 28/(-168). What is the highest common factor of w and 15?
3
Let a be 60*(7 + 1 + (-663)/102). Let f be (29/(-2) + 2)*-2. Let z = f + -15. Calculate the highest common divisor of a and z.
10
Let f(u) = -3*u**2 - 19*u + 5. Let l be f(-6). Let w = 22 - l. Calculate the greatest common factor of 33 and w.
11
Let w = 18 + -16. Let x = 10 + 8. What is the greatest common divisor of w and x?
2
Let z = 1207 - 866. What is the highest common factor of z and 31?
31
Let d = 1051 - 1005. Calculate the highest common factor of 1656 and d.
46
Let p be (-10)/(-25) - (-53)/5. Let z = 95 - 191. Let c be 1/(3 + z/33). What is the highest common factor of c and p?
11
Let t(f) = f**2 + 12*f + 3. Let y = 21 - 15. Let n be (-22)/(-33)*y*-3. Let v be t(n). What is the highest common divisor of v and 2?
1
Suppose 22*b = 5169 + 683. Calculate the highest common factor of b and 304.
38
Suppose 2*y + 3*y = 135. Suppose 0 = 4*r + 8, p + 4*r = 3*p - 206. Suppose 0 = 2*z - p - 171. Calculate the greatest common divisor of z and y.
27
Suppose 0 = -2*r - 90 + 372. Suppose -c + 5*c - 3*d = r, -2*d - 6 = 0. Calculate the greatest common divisor of c and 22.
11
Let i(z) = -z. Let s(l) = l**2 - 7*l - 7. Let k(c) = 5*i(c) - s(c). Let y be k(0). What is the greatest common divisor of 7 and y?
7
Let m = 534 - 235. What is the highest common divisor of 13 and m?
13
Let l = 16 - 7. Suppose 141 = 5*h - 84. Calculate the highest common divis